-4) + -3 + f. Suppose o = -g*i + 58 + 6, -5*o = -2*i + 54. What is the greatest common factor of i and 17?
17
Let g(m) = -2*m**2 + 22*m + 4. Let x be g(11). Let a = 3 + 72. Let d = a - 43. Calculate the greatest common factor of x and d.
4
Suppose 2*n + 6 = -8. Let i be 3 + n*(13 + 4). Let q be (-1)/(i/(-60) - 2). What is the greatest common factor of 90 and q?
15
Suppose -5*o - 995 = -5*w, 3*o = w + 6*o - 203. Calculate the greatest common factor of w and 15.
5
Let g = -3 - -23. Suppose 0 = 2*f - 7*f + 250. What is the greatest common factor of f and g?
10
Let k be 11/22 + 109/(-2). Let a be 12/k - 1084/(-18). Calculate the greatest common divisor of 24 and a.
12
Let c(s) = -s**2 - 25*s + 76. Let q be c(-25). Calculate the highest common divisor of q and 2432.
76
Let n = 65 - 59. Let u(k) = 4*k - 6. Let x be u(n). Calculate the highest common divisor of x and 63.
9
Let w(c) = -c**3 - 18*c**2 + c + 10. Let a be w(-18). Let g = a - -74. What is the highest common divisor of 44 and g?
22
Let s = -21784 + 21795. Suppose 65 = -h + 285. Calculate the greatest common factor of h and s.
11
Let c = -350 - -352. Suppose -a - 3*f = 8, 22 = -3*a - 2*f - 9. Let x = 11 - a. Calculate the highest common factor of x and c.
2
Let f(t) = t**3 + 13*t**2 + 21*t - 14. Let v be f(-10). Calculate the highest common divisor of 380 and v.
76
Suppose 5*s + 13*l - 15*l - 328 = 0, -5*s + 340 = -5*l. Suppose 3*d = d - 3*y + 1, y + 13 = d. What is the highest common divisor of s and d?
8
Suppose -8*a = -19*a + 44. Let w be (a/(-12))/((-2)/(2 + 130)). What is the highest common divisor of 22 and w?
22
Suppose 172*v + 40 = 174*v. What is the highest common factor of v and 30?
10
Let o(k) = k**3 - 12*k**2 - 13*k + 16. Let a be o(13). Let f = -11 + a. Suppose f*b = 377 + 43. Calculate the greatest common divisor of b and 12.
12
Let u = -1723 + 1758. Calculate the greatest common factor of u and 3.
1
Let i be (-8)/(-40) + 11/(-5). Let l be ((-28)/77)/(i/11). What is the greatest common divisor of l and 14?
2
Suppose 6041*k - 6050*k + 342 = 0. Calculate the highest common divisor of 133 and k.
19
Let r = -55 + 113. What is the highest common factor of r and 29?
29
Let p(c) = -c**2 + 10*c + 16. Let s be p(11). Suppose r - 148 = -4*h, s*h = 2*h - 3*r + 111. What is the highest common factor of h and 259?
37
Suppose 16*w - 11*w - 1040 = 0. What is the highest common factor of w and 26?
26
Let k = 1 - -2. Suppose 0 = 5*u + 20, -u = -o - 0*o + 7. Let m be 5 - o/(-6)*-4. Calculate the greatest common divisor of k and m.
3
Let w be 188/(-10)*(39/(-6) - -4). Suppose w = p - 4*u, 4*p - u - 212 = 3*u. What is the greatest common divisor of p and 5?
5
Suppose 4*g = -g + 20, g = t - 16. Let n be 3 - (-24 + 3 + -6). Calculate the greatest common factor of n and t.
10
Suppose -12*o - 85 = -7*o. Let w = -16 - o. Let b be (w - 2) + (-144)/(-9). Calculate the greatest common factor of 75 and b.
15
Let z = -39 - -175. What is the greatest common divisor of 102 and z?
34
Let f(d) be the first derivative of 4*d**3 - 6*d**2 - 24*d - 28. Let z be f(-3). Calculate the highest common divisor of 24 and z.
24
Let g = 1848 - 1844. Let i be 1/5 - (-198)/10. What is the highest common factor of i and g?
4
Suppose 250 = 7*y - 3*y + 2*i, 59 = y + 4*i. Calculate the greatest common factor of 84 and y.
21
Let g(p) = 19*p + 5. Let a be g(1). Let n = 39 - a. What is the highest common divisor of 15 and n?
15
Let z(n) = -2*n**2 + 118*n - 260. Let s be z(56). What is the highest common factor of s and 209?
19
Let d = 56 - 40. Suppose -4*y = d, y = 5*l - 92 - 82. Suppose 0 = -w + 130 - 45. Calculate the greatest common divisor of w and l.
17
Suppose -2*k = -3*k - 4. Let q be (k + 5)/(1/15). Let p = -23 + 33. Calculate the greatest common factor of p and q.
5
Let q be (-108)/18*(-8)/6. What is the highest common divisor of 16 and q?
8
Let k be (-90)/1*4/(-6). Let g = 203 - 59. Suppose -44*u = -38*u - g. What is the greatest common divisor of k and u?
12
Let v(p) be the third derivative of p**4/6 + p**3/3 - 8*p**2. Let q be v(4). What is the greatest common divisor of q and 2?
2
Let z be 5/(2 - (-7)/(-4)). Let l(r) = -31*r + 845. Let s be l(27). What is the highest common divisor of s and z?
4
Suppose -65 = 50*w - 63*w. What is the highest common factor of w and 145?
5
Suppose -i - 4*y = 0, -2*i + 24 = -y + 3*y. Suppose -3*d + 92 = 5*u + i, 0 = -u + 2. Suppose -m = -2*m + d. Calculate the greatest common factor of m and 44.
22
Suppose -23*f + 15*f + 10008 = 0. What is the greatest common factor of 9 and f?
9
Suppose 61 = 4*f - 3*a, 0 = -0*f - f + 4*a + 12. Let j be 2/f*46*20. Let v(r) = -3*r + 5. Let h be v(-6). What is the highest common divisor of j and h?
23
Let y = -570 + 571. Let v(m) = -m**2 + 7*m + 5. Let g be v(6). What is the greatest common factor of g and y?
1
Let j(y) = y - 12. Let m be j(4). Let l = m + 14. Suppose 0 = -l*c + 3*c + 96. Calculate the highest common divisor of 8 and c.
8
Suppose 121*f = 122*f - 17. Calculate the highest common factor of 2992 and f.
17
Let r be ((-97)/5)/(2 + 1617/(-805)). Calculate the greatest common divisor of 23 and r.
23
Let d = -150 + 151. Suppose 2*k - 16 = -2*l, -5*l + 19 = -4*k + 6. What is the highest common factor of d and l?
1
Let t be 272/28 + (-12)/(-42). Suppose c + 63 = 2*d - t, -d + 37 = -c. Calculate the highest common factor of d and 9.
9
Let z(f) = 44*f - 176. Let b be z(9). Calculate the greatest common factor of 11 and b.
11
Let l be ((-30)/6 - -7) + 88. Calculate the highest common factor of 36 and l.
18
Suppose 5*b + 3*p - 740 = 0, -3*p + 15 - 580 = -4*b. Calculate the greatest common divisor of b and 116.
29
Let f be 4/(-3) + 1912/12 + 4. Calculate the greatest common divisor of 126 and f.
18
Let f = 2449 - 2065. Calculate the highest common factor of 96 and f.
96
Suppose -15*s = -5*s - 40. Suppose y = -l - 4 + 9, 3*l + s*y - 16 = 0. Calculate the greatest common factor of l and 28.
4
Let s = 24 + -8. Suppose 4*v - 3 = v. Let d be (27/(-18))/((-1)/16*v). What is the greatest common divisor of d and s?
8
Suppose 15*a + 28 = 19*a. Suppose 225 = -4*q + a*q. Calculate the highest common divisor of q and 15.
15
Let m be 2/4*0*(-5)/(-25). Suppose 5*v + 6 = 3*g, m*g + 3*g = -3*v + 6. What is the highest common divisor of g and 4?
2
Suppose 5*v - 42 = -4*h, -4*h - 13*v + 30 = -14*v. Let k = 5 + 3. What is the greatest common divisor of k and h?
8
Suppose -h - 96 = -v, -13*v + h = -10*v - 286. Let y be ((-2)/6)/(4/(-60)). What is the highest common divisor of v and y?
5
Let a = -41 + 62. Let i(b) = b**3 - 5*b**2 - 23*b + 66. Let y be i(7). Calculate the highest common divisor of a and y.
3
Suppose 3*b = -5*l + 63, l = -4*b - 4*l + 79. Let s be 70/6 - b/24. Calculate the highest common divisor of 99 and s.
11
Let m(i) = -i**2 - 19*i + 6. Suppose -102 = 11*j - 5*j. Let x be m(j). Let l(a) = 5*a - 4. Let w be l(4). Calculate the highest common divisor of x and w.
8
Suppose m - 28 = 10. Suppose -5*w + 500 = -5*c, 7*c = 5*w + 3*c - 495. What is the highest common factor of w and m?
19
Let o be 1*(-5 - -5) + 126. What is the greatest common divisor of o and 14?
14
Let w(j) = 27*j - 22. Let r(o) = 14*o - 11. Let i(p) = -7*r(p) + 4*w(p). Let b be i(6). What is the highest common factor of b and 7?
7
Let b(o) = 8*o - 2 - 2 - 2*o**2 + 5*o. Let w be b(5). What is the highest common factor of w and 77?
11
Let i(x) = -x**2 + 33*x + 20. Let y be i(33). Calculate the greatest common factor of 8 and y.
4
Let b be 4/(-6) + 208/6. Let u be (-8 + 0)*b/(-4). Suppose 0 = 3*x + 3*v - 22 - 44, -x = -4*v + 3. Calculate the highest common factor of x and u.
17
Suppose -2*y - 3 + 7 = 0. Let x = -57 - -115. Suppose -y*n + x = -8. What is the highest common factor of n and 33?
33
Suppose -2*v - 32 + 148 = -5*z, -5*z - v = 122. Let j = -34 - z. Let q be (-123)/(-5) - 4/j. Calculate the greatest common divisor of 75 and q.
25
Suppose -2*v + 48 = 4*h, v + 7 = h + 19. Suppose -13 = -5*k + d + v, -2*k = -4*d - 8. What is the highest common factor of 54 and k?
6
Let n be (24/(-27))/4 + (-80)/(-36). Suppose 2*i + n*d = 5*d + 22, 5*i + 2*d = 93. What is the greatest common factor of i and 85?
17
Suppose -m - 2*m + 9 = -5*l, -4*l - m = -3. Suppose l = 2*t + 6*t - 152. Calculate the highest